2b
What is 1bb (base 12) in base 7?
560
Convert -233 (base 5) to base 6.
-152
-4311 (base 5) to base 15
-28b
Convert -6d4 (base 16) to base 9.
-2352
-4108 (base 10) to base 6
-31004
1204503 (base 6) to base 2
1111011100010111
Convert -10231021 (base 4) to base 5.
-1104043
-1011110110100110 (base 2) to base 16
-bda6
What is 26537 (base 9) in base 10?
17935
Convert -14351 (base 6) to base 5.
-33144
-40061 (base 7) to base 8
-22657
What is -1371 (base 9) in base 8?
-2014
-70 (base 14) to base 12
-82
Convert -280 (base 11) to base 4.
-11022
What is 2103 (base 7) in base 2?
1011100010
6deb (base 16) to base 11
1a161
Convert -520c (base 13) to base 14.
-41b9
-232 (base 11) to base 13
-184
What is -202110002 (base 3) in base 10?
-14906
Convert -246 (base 10) to base 16.
-f6
Convert 37775 (base 11) to base 2.
1101001110011001
Convert 313 (base 9) to base 16.
ff
-230533 (base 6) to base 8
-46271
Convert 667 (base 12) to base 7.
2515
Convert -135540 (base 6) to base 4.
-3022110
Convert -948 (base 14) to base 11.
-1412
-1855 (base 10) to base 8
-3477
-25b2 (base 12) to base 2
-1000011010110
Convert -20322 (base 5) to base 8.
-2471
Convert -811 (base 11) to base 8.
-1724
Convert -1122 (base 5) to base 13.
-c6
12150 (base 8) to base 7
21142
Convert -10523 (base 6) to base 10.
-1491
-2176 (base 9) to base 14
-82c
156 (base 10) to base 14
b2
-610 (base 9) to base 2
-111101111
3520 (base 7) to base 10
1288
Convert -103 (base 14) to base 6.
-531
Convert 159 (base 15) to base 8.
465
-101111010000 (base 2) to base 7
-11550
2200 (base 3) to base 8
110
Convert -40540 (base 8) to base 10.
-16736
54100 (base 7) to base 9
20367
What is -7062 (base 10) in base 11?
-5340
Convert -117 (base 10) to base 4.
-1311
Convert -11861 (base 11) to base 9.
-25286
What is 531 (base 12) in base 4?
23311
What is 180 (base 9) in base 3?
12200
What is 294 (base 11) in base 4?
11121
What is 39 (base 12) in base 9?
50
-26a1 (base 16) to base 8
-23241
Convert -1c5 (base 16) to base 2.
-111000101
Convert 1323 (base 6) to base 15.
179
Convert -1353 (base 7) to base 8.
-1020
-3158 (base 10) to base 2
-110001010110
-4b1 (base 14) to base 2
-1110101011
-2254 (base 6) to base 12
-38a
Convert 2037 (base 8) to base 4.
100133
Convert -818 (base 9) to base 14.
-357
What is 29e2 (base 16) in base 11?
8068
Convert -21735 (base 8) to base 5.
-243211
Convert 7451 (base 8) to base 16.
f29
4130 (base 12) to base 13
32c7
Convert 35325 (base 11) to base 15.
1017d
Convert 26950 (base 10) to base 5.
1330300
What is 1124140 (base 5) in base 2?
101000001000001
Convert 300 (base 5) to base 2.
1001011
What is 1181 (base 16) in base 3?
20010222
434 (base 12) to base 16
268
-9a81 (base 15) to base 6
-411334
What is -114343 (base 5) in base 15?
-144d
Convert 24830 (base 9) to base 10.
16713
Convert 46883 (base 9) to base 7.
160242
-4261 (base 10) to base 12
-2571
-6d8 (base 16) to base 9
-2356
-160 (base 13) to base 10
-247
Convert -5222 (base 6) to base 12.
-812
212111 (base 4) to base 5
34303
What is -2102022201 (base 3) in base 8?
-135004
What is 280 (base 16) in base 3?
212201
Convert -4963 (base 16) to base 10.
-18787
1246 (base 7) to base 4
13123
Convert c6 (base 14) to base 11.
149
738 (base 16) to base 15
833
Convert -10367 (base 8) to base 7.
-15443
Convert -9387 (base 12) to base 3.
-211001211
-354222 (base 6) to base 2
-111100000100110
What is 110011001000011 (base 2) in base 9?
38817
What is -6530 (base 7) in base 5?
-33244
10321121 (base 4) to base 2
100111001011001
What is 208 (base 11) in base 5?
2000
Convert 22110313 (base 4) to base 14.
115b1
Convert -50241 (base 6) to base 2.
-1100110110001
Convert -10012033 (base 4) to base 10.
-16783
Convert 13624 (base 9) to base 5.
244011
Convert 11143 (base 5) to base 4.
30132
Convert 189 (base 11) to base 9.
262
323 (base 14) to base 13
388
Convert 1ab05 (base 12) to base 2.
1001101010110101
1071 (base 12) to base 7
5200
What is -925 (base 14) in base 9?
-2416
Convert 101010100 (base 2) to base 16.
154
What is -88cb (base 14) in base 9?
-35452
1c4 (base 16) to base 10
452
-1 (base 8) to base 10
-1
1201122100 (base 3) to base 14
c56a
74106 (base 8) to base 10
30790
Convert -121112 (base 3) to base 9.
-545
Convert 1c2 (base 14) to base 12.
266
1713 (base 11) to base 10
2192
-1020220 (base 3) to base 5
-12130
What is -4c0 (base 13) in base 11?
-697
-1747 (base 8) to base 4
-33213
Convert d86 (base 16) to base 10.
3462
-64667 (base 9) to base 11
-2a1a6
Convert -1b1a9 (base 13) to base 9.
-80668
8dc (base 15) to base 4
133113
Convert 12a5 (base 16) to base 11.
364a
13026 (base 7) to base 14
1386
Convert 26101 (base 7) to base 9.
10427
-1220220 (base 3) to base 16
-579
Convert -6b5a (base 14) to base 16.
-490c
What is -6555 (base 7) in base 15?
-a63
Convert 10111101000 (base 2) to base 15.
6ac
What is 11873 (base 13) in base 16?
7dcc
f49 (base 16) to base 3
12100221
Convert -2523 (base 6) to base 15.
-2bc
What is 32410 (base 5) in base 8?
4266
-ea2 (base 15) to base 5
-101202
-6126 (base 8) to base 12
-19b2
Convert -267 (base 8) to base 9.
-223
Convert 32200231 (base 4) to base 16.
e82d
Convert 17250 (base 8) to base 4.
1322220
-1212222111 (base 3) to base 9
-55874
What is -2110010 (base 3) in base 8?
-3371
Convert 42 (base 5) to base 15.
17
20312311 (base 4) to base 6
435541
Convert -15773 (base 9) to base 4.
-2221113
What is -12d (base 15) in base 9?
-327
What is 575 (base 9) in base 5?
3343
What is -56428 (base 9) in base 12?
-19875
What is -2300 (base 13) in base 8?
-11445
What is 16070 (base 8) in base 11?
5478
Convert 9924 (base 10) to base 8.
23304
Convert 53a (base 15) to base 3.
1121201
What is 960 (base 12) in base 14?
6da
What is -434 (base 11) in base 9?
-638
What is 34b6 (base 12) in base 4?
1130022
Convert -16ba (base 15) to base 3.
-20201111
526 (base 13) to base 9
1174
Convert 2542 (base 13) to base 9.
7231
What is 10501 (base 6) in base 10?
1477
-115415 (base 6) to base 13
-48cb
6c (base 15) to base 10
102
What is -4004 (base 10) in base 5?
-112004
114131 (base 6) to base 5
304431
Convert 102222 (base 3) to base 9.
388
Convert 26855 (base 9) to base 13.
8387
What is 2c1 (base 16) in base 6?
3133
Convert 211111 (base 3) to base 14.
315
Convert -33000212 (base 4) to base 3.
-10010022222
What is 1046 (base 7) in base 15?
1a2
-166 (base 8) to base 11
-a8
-189 (base 14) to base 15
-162
-941 (base 11) to base 8
-2156
What is 8420 (base 11) in base 10?
11154
-20044 (base 8) to base 13
-398c
Convert -1011011000000111 (base 2) to base 11.
-32013
What is -12010122 (base 3) in base 11?
-28a3
Convert 2010211011 (base 3) to base 11.
2973a
Convert -4827 (base 16) to base 14.
-6a35
What is -31e2 (base 15) in base 16?
-2942
What is 219 (base 16) in base 6?
2253
Convert -120001211 (base 3) to base 12.
-6434
24345 (base 8) to base 3
112100202
Convert -30310 (base 4) to base 9.
-1111
1531 (base 9) to base 14
5d0
What is 25832 (base 9) in base 8?
42044
-37d8 (base 14) to base 15
-2d7e
What is 45755 (base 8) in base 6?
225553
-231 (base 10) to base 2
-11100111
Convert 4844 (base 10) to base 7.
20060
What is -3325 (base 16) in base 2?
-11001100100101
10400 (base 7) to base 14
d37
Convert -1768 (base 12) to base 8.
-5400
What is 3040 (base 5) in base 6?
1455
Convert 311431 (base 6) to base 7.
132616
Convert -203c (base 15) to base 2.
-1101010010111
What is 928 (base 13) in base 16?
613
-4050 (base 7) to base 10
-1407
Convert 4421204 (base 5) to base 6.
1345501
Convert -56453 (base 7) to base 14.
-52d3
8bb0 (base 15) to base 5
1422030
What is -28a (base 13) in base 15?
-202
Convert -1b98 (base 15) to base 16.
-1769
Convert -408 (base 15) to base 4.
-32030
Convert -224422 (base 5) to base 12.
-4840
131ba (base 12) to base 8
63136
200212 (base 3) to base 11
423
Convert 101130 (base 4) to base 11.
925
424213 (base 5) to base 7
56500
-30130221 (base 4) to base 9
-76840
Convert -7d (base 14) to base 13.
-87
-1010011000111010 (base 2) to base 16
-a63a
6 (base 8) to base 16
6
Convert 15300 (base 7) to base 3.
12211220
What is 23e7 (base 15) in base 9?
11431
-303222 (base 4) to base 5
-101211
Convert -223 (base 5) to base 4.
-333
10103220 (base 4) to base 14
6600
What is 501a5 (base 11) in base 7?
424054
Convert -593 (base 11) to base 12.
-4ab
-638 (base 13) to base 4
-100